
20
What is the value of 3 + (4 - (5 - -16) - (1 - -4 - 17))?
-2
Calculate 365 - 276 - (14 + 25).
50
Evaluate (2 - 16) + (-36 - (-29 - -61)) + 12.
-70
Evaluate (10 - (63 + -23 + -20)) + -22.
-32
What is the value of 112 + -106 - ((1 - (5 + -2)) + -24 - -4)?
28
What is the value of 3 + (17 - 8) + -62 + 31?
-19
Calculate (-14 + 19 - 14) + 20 - 12.
-1
Calculate 456 + -541 - (-5 - -2 - 7).
-75
What is -177 - (-349 - -283) - (6 + -1)?
-116
Evaluate (-43 - -2) + (-6432 - -6447).
-26
What is the value of -8 - ((-15 - (7 - 24)) + -33 + 1 + 8)?
14
What is the value of 80 + (3 - -31) - 88?
26
Evaluate 2 + -36 + 18 + 5 - (-2 - 1 - 36).
28
Calculate -16 + 54 + 0 - 106.
-68
What is the value of 17 - ((-8 - 5) + 60 - (13 - 7))?
-24
What is -6 - 3 - 6 - (276 - 223)?
-68
Calculate 19 + 1 + -185 + 155 - 10.
-20
35 - (6 - (-8 + 2)) - 12
11
Evaluate -74 + 100 + (9 - 15 - 10).
10
Evaluate -1 + (-23 - -33) + -1 + 24.
32
Evaluate (0 + -10 - 4 - (9 - 12)) + (-26 - -27).
-10
Evaluate 1 + 2 - (131 + 34 + -155).
-7
Calculate (-2 - 60) + (-1592 - -1646).
-8
Calculate 24 + 26 + -5 + (-2 + 15 - (-57 - -68)).
47
Calculate -64 - (95 + -39 + -13) - (1 - 24).
-84
9 + -10 + (23 - (40 - 19))
1
What is the value of 1 + 77 - (1119 - 1113)?
72
Calculate -7 + 57 + 0 + (-8 - 1 - -14).
55
Calculate -15 + (-1 - (-18 + 11)) + -34.
-43
Evaluate (-4 - 8) + 30 + -59.
-41
What is the value of -58 - (-1 - (35 + -36 - (-3 + -9 + 3)))?
-49
Evaluate 30 - ((10 - (12 + (5 - -10))) + 24).
23
What is the value of 26 - 35 - (-2 + (2 - 7)) - 7?
-9
25 - (112 - 110) - (-15 + 0)
38
Evaluate -87 + 3 + 41 + -49 + 22.
-70
-59 - (22 - (-11 + (23 - -2)))
-67
What is the value of (-5 - (0 - 2)) + (-126 - -116) - 13?
-26
What is 1 + (0 - -9) + 2934 + -2926?
18
What is the value of (40 + 69 - 61) + -62?
-14
What is -32 + (-36 + 45 + -9 - (-1 + 14))?
-45
-79 + 0 + (-30 - -24) + (-32 - -33)
-84
What is -8 - (-20 - -18 - (-17 + -1 + 11))?
-13
What is -87 + -48 + 323 - 140?
48
What is the value of (1 + -3 + 62 - (45 - (20 - -15))) + -10?
40
Evaluate -7 + -129 - (-74 - -63) - 7 - (-15 + 3).
-120
Calculate -13 + (12 - -4 - 38).
-35
Evaluate -4 - -2 - (-19 + (-13 - (-11 - (51 - 7)))).
-25
What is (76 - (94 - 41)) + (0 - -5)?
28
Calculate (62 - 32) + -10 + 19.
39
What is 27 + (38 - (54 + 29 + -66))?
48
What is the value of 74 - (-26 + (21 - 16) + 49)?
46
What is (-4 - (46 - 137)) + -125?
-38
What is 7 + (12 - 11) - (-100 + 1 + 10)?
97
Calculate -49 + (39 - (44 - 20) - -1).
-33
Evaluate -2 + (5 - (-65 - -14)).
54
What is the value of (-20 + 11 - (-5 + -24)) + 72?
92
2 + -8 + 4 + -4 + (-49 + 69 - 5)
9
What is the value of (0 + 19 - -1 - 12 - -1) + 28?
37
Calculate 5 + (5 - (10 - 4 - 2)) - 1.
5
Calculate 63 + 5 + 14 + 16 + -9.
89
What is -25 + 12 + (39 - (-12 - (-5 - 5)))?
28
Calculate 28 + (-24 + -1 + 43 - 24).
22
What is (6 - 10) + 5 - (-30 - -11)?
20
What is the value of -4 + -1 + 29 - (768 + -787)?
43
What is -106 - (68 - (55 - -1))?
-118
Calculate 67 - 0 - (-203 + 199) - -20.
91
Evaluate 5 + -29 + 14 - 37 - (-4 + 0).
-43
What is the value of -27 + -4 + -6 + ((4 - 1) + 13 - 12)?
-33
18 + (-2 - 2 - -2) + 1 + (848 - 859)
6
Evaluate (-43 - 54) + 75 - 109.
-131
What is the value of 7 + (3 - -1 - (-37 - ((-16 - 11) + -35)))?
-14
Calculate -15 - (1 + (-1 - -5) + (-62 - (40 + -92))).
-10
Calculate -13 + -77 + (77 - -52).
39
(-128 - -333 - 189) + (1 - 55 - 2)
-40
Calculate 15 - (-17 + -1 - -22 - (52 + -4)).
59
What is the value of -36 + 136 + (-42 - (-14 - 36))?
108
What is the value of -1065 - -1019 - ((-1 - 1) + (20 - -3))?
-67
Calculate -77 + 55 + 166 + -104.
40
-19 + (-7 - (-25 + 48 + (-89 - 9)))
49
-49 + 205 + -93 + (3 - 6 - 19)
41
What is the value of -4 + -13 + 98 + -37 - (0 + -3)?
47
Calculate 1 + -73 - (4875 - 4939).
-8
Calculate 25 - -44 - 46 - 44.
-21
Evaluate (-35 - (-7 - (-25 + 86))) + -37.
-4
2 + 1 + 48 + (-106 - -64)
9
42 + -5 + (33 - 49)
21
0 + 1 + -69 + (103 - (169 - 84))
-50
61 + 49 + -108 + -2
0
What is -3 - 15 - 0 - (2 - 8 - -14)?
-26
-2670 - -2798 - (1 - -2 - (5 + 1) - -11)
120
-5169 + 5103 + 1 + 31
-34
What is (55 + -7 - (97 - 88)) + 5?
44
-63 + 23 + -3 + 21 + -21
-43
(-762 - -793) + (11 - (3 - (-7 - -4)))
36
Evaluate (119 - -10 - 257) + 232.
104
What is (-72 - -60) + 66 + -82?
-28
What is 82 + -1 - (29 + -33 - 32)?
117
(-3 - -2 - 5) + 16 + 5 + 2 + -15
2
What is -57 + (-74 - (-8 + 34 + -59))?
-98
What is the value of 85 - (-13 + (-108 - -118))?
88
What is the value of (-90 - -190) + -41 + -110?
-51
Calculate 27 + 15 + (-3 - 5).
34
0 + -46 + (-4 - -11 - -2) + -21
-58
(7 + -10 + (-4 - -12) - 83) + -168 + 167
-79
(52 - 59 - (3 - (2 - 2))) + 12 - -1
3
-101 - (-25 + 3 - (-139 - -101))
-117
What is -126 + (19 - ((-137 - -170) + (-1 - 17)))?
-122
(97 - (-2 + 4)) + (-448 - (-615 + 147))
115
Calculate -46 + 20 - (-1 - (12 + 70)).
57
Calculate (-117 - -4) + (-1 - (-68 + 32)).
-78
What is the value of 6 - (-89 - (-14 + 0 + 0 + 289 + -264))?
106
What is (-13 - -19 - 8) + (-4 - 17) + -3?
-26
-1 - (0 + 50) - (121 + -122)
-50
What is the value of (13 - 0) + -16 + -46?
-49
-121 - (12 + -79 - 115)
61
What is the value of 45907 - 45873 - (-1 + 0 + 159)?
-124
-3 + 65 - (-5 - (14 - 40) - (10 + -4))
47
Evaluate -75 - -65 - (-1 + -9 - (-2 - -61)).
59
What is (72 - 0 - (-18 + -24 + 42)) + -13?
59
What is the value of (5 + -150 - -149) + -74?
-70
What is -95 - (-50 - 56) - (-7 + 3 - -66)?
-51
Evaluate (-14 - (-1 - 7)) + 19 - 26 - -54.
41
What is the value of (9 - 6) + 7 - 4 - -22 - (0 + 0)?
28
What is the value of 61 + (-44 - (-15 + 34))?
-2
Calculate 4 + -19 + (-1 - (24 + 7)).
-47
What is the value of -2 - 2 - (-348 - -321) - -21?
44
What is (-11 - -1) + -53 + 32 + 31 + 94?
94
What is the value of -15 - (-11 + -7 - 0) - (-5 + (-30 - -6))?
32
0 + 28 + -1 + (-14 - -40)
53
(17 - -14) + (5 - 13) + -7
16
Calculate 69 - 40 - (23 + 40).
-34
What is -59 + 110 + (-30 - 21)?
0
What is the value of (25 - (-17 - -5) - 13) + (0 - (5 + 0))?
19
Evaluate (7 - (2 + 2)) + (326 - 201).
128
What is the value of -10 - 9 - (31 + -22 - -5)?
-33
What is the value of -49 + 47 + -35 + -17?
-54
What is the value of -1 + (-1 - (3 - -24)) + (1 - (18 - 19))?
-27
Calculate (-96 + 87 - -4) + 23 + 2.
20
Calculate (20 - ((-3 - -16) + (-26 - -15))) + 2.
20
What is the value of (10 - -12) + 33 + (-10 - (0 - -1) - -1)?
45
70 + -35 - (-24 - -57)
2
5 - (-57 - (-27 - -8 - 1))
42
-1364 - -1289 - (-1 - 29)
-45
What is -32 - (0 + -21 + 30 - (7 + -2))?
-36
Calculate (0 - 71) + (-329 - -340) - -21.
-39
Evaluate 1 - 6 - (-47 + 4 + 54 - (-12 + -1)).
-29
Evaluate -45 + (-1 - 14 - (-478 + 469)).
-51
What is the value of -3 + 30 + -23 + -17 - -32?
19
Calculate 7 + (-4 - (12 + -9 - -9 - 48)).
39
Calculate -4 + (-26 - -4 - -13 - 12 - 65).
-90
What is 57 + -19 - -20 - 1?
57
What is (21 + 65 - -13) + 8 + 7?
114
What is the value of -5 - -6 - (8 + (16 - 36) + -18)?
31
What is the value of -39 + (8 + -2 - (11 + -11 - 4)) - 0?
-29
32 - ((99 - 39) + -69)
41
What is 0 + 7 - (9 + 6 + -29)?
21
(-2 + -2 - (-23 - -20)) + (20 - -13) + -74
-42
What is the value of -36 + (23 - 16) - (-12 - (-1 + -2))?
-20
Evaluate -96 - 54 - -39 - -70.
-41
Calculate (-71 - 35 - -40) + 21.
-45
-103 + 0 - (-8119 + 8022)
-6
17 + -6 + -7 + 23
27
What is the value of (3 - -72) + 13 + (50 - 72)?
66
What is 183 + -201 + (-77 - (-8 - -8))?
-95
Evaluate 25 - (-10 + -19 + 61 - 16).
9
Calculate 29 + -8 + 9 + (23 - 29).
24
Evaluate -4 + (-190 - -185) + (-2 - (-6 + 3)) + -32.
-40
What is the value of (-1 - 6 - -3) + (62 - 20) + (6 - 1)?
43
What is (16 - (-12 - -74)) + 139?
93
What is -51 - (15 + -21 + -34)?
-11
Evaluate -22 + 5 + 29 + (10 - 55).
-33
-7 - (-76 + -6) - (-7 + 23)
59
(-11 - -5) + -7 + 123 + -175 + (-2 - 15)
-82
What is 7 + (36 + -5 + -14 - 39)?
-15
Evaluate (4 - 7) + -3 + (-4 + -26 - (24 - 33)).
-27
Calculate -2 + -1 + 4 + 50 + (1832 - 1843).
40
-35 + -13 - ((8 - 6) + -7)
-43
Evaluate 7 + -24 - -4 - 3 - (77 - 117).
24
What is the value of (-43 - -63) + 44 + (-1 - (3 - 1) - -2)?
63
Evaluate (79 - (4 + -19 + 20)) + (-2 - -1).
73
What is -7 - (2 + (1 + (-16 - 13) - 1))?
20
Evaluate (-79 - 1) + -4718 + 4714.
-84
Calculate -14 + (-19 - -6 - -27) + -1 + -42.
-43
Evaluate -18 + 20 - 26 - -32.
8
What is (15 - -2) + 6 + 5 + 0 + -10?
18
-4 + -12 + 10 + -5 - 51 - 14
-76
What is (9 - (197 + -55)) + 14 + 5?
-114
Ca